{"id":142,"date":"2025-10-09T11:29:29","date_gmt":"2025-10-09T09:29:29","guid":{"rendered":"https:\/\/szigeteloszakik.hu\/?page_id=142"},"modified":"2025-10-09T12:13:04","modified_gmt":"2025-10-09T10:13:04","slug":"kapcsolat","status":"publish","type":"page","link":"https:\/\/szigeteloszakik.hu\/?page_id=142","title":{"rendered":"Kapcsolat"},"content":{"rendered":"\t\t<div data-elementor-type=\"wp-page\" data-elementor-id=\"142\" class=\"elementor elementor-142\" data-elementor-post-type=\"page\">\n\t\t\t\t<div class=\"elementor-element elementor-element-64d6da12 e-flex e-con-boxed e-con e-parent\" data-id=\"64d6da12\" data-element_type=\"container\" data-settings=\"{&quot;background_background&quot;:&quot;classic&quot;}\">\n\t\t\t\t\t<div class=\"e-con-inner\">\n\t\t<div class=\"elementor-element elementor-element-395bed0d e-con-full e-flex e-con e-child\" data-id=\"395bed0d\" data-element_type=\"container\">\n\t\t\t\t<div class=\"elementor-element elementor-element-2b99ad55 elementor-invisible elementor-widget elementor-widget-heading\" data-id=\"2b99ad55\" data-element_type=\"widget\" data-settings=\"{&quot;_animation&quot;:&quot;fadeInUp&quot;,&quot;_animation_delay&quot;:200}\" data-widget_type=\"heading.default\">\n\t\t\t\t\t<h1 class=\"elementor-heading-title elementor-size-default\">Kapcsolat<\/h1>\t\t\t\t<\/div>\n\t\t\t\t<\/div>\n\t\t\t\t\t<\/div>\n\t\t\t\t<\/div>\n\t\t<div class=\"elementor-element elementor-element-562347a e-flex e-con-boxed e-con e-parent\" data-id=\"562347a\" data-element_type=\"container\">\n\t\t\t\t\t<div class=\"e-con-inner\">\n\t\t\t\t<div class=\"elementor-element elementor-element-f4edd10 elementor-tablet-align-justify elementor-button-warning elementor-align-center elementor-widget elementor-widget-button\" data-id=\"f4edd10\" data-element_type=\"widget\" data-widget_type=\"button.default\">\n\t\t\t\t\t\t\t\t\t\t<a class=\"elementor-button elementor-button-link elementor-size-sm\" href=\"tel:+36301241548\">\n\t\t\t\t\t\t<span class=\"elementor-button-content-wrapper\">\n\t\t\t\t\t\t<span class=\"elementor-button-icon\">\n\t\t\t\t<i aria-hidden=\"true\" class=\"icon icon-phone1\"><\/i>\t\t\t<\/span>\n\t\t\t\t\t\t\t\t\t<span class=\"elementor-button-text\">Ingyenes \u00e1raj\u00e1nlat\u00e9rt kattintson!<\/span>\n\t\t\t\t\t<\/span>\n\t\t\t\t\t<\/a>\n\t\t\t\t\t\t\t\t<\/div>\n\t\t\t\t\t<\/div>\n\t\t\t\t<\/div>\n\t\t<div class=\"elementor-element elementor-element-57bf35 e-flex e-con-boxed e-con e-parent\" data-id=\"57bf35\" data-element_type=\"container\">\n\t\t\t\t\t<div class=\"e-con-inner\">\n\t\t<div class=\"elementor-element elementor-element-47c6a9f8 e-con-full e-flex elementor-invisible e-con e-child\" data-id=\"47c6a9f8\" data-element_type=\"container\" data-settings=\"{&quot;animation&quot;:&quot;fadeInLeft&quot;}\">\n\t\t\t\t<div class=\"elementor-element elementor-element-2e9cb81b elementor-widget elementor-widget-heading\" data-id=\"2e9cb81b\" data-element_type=\"widget\" data-widget_type=\"heading.default\">\n\t\t\t\t\t<h2 class=\"elementor-heading-title elementor-size-default\">Gyakran Ism\u00e9telt K\u00e9rd\u00e9sek<\/h2>\t\t\t\t<\/div>\n\t\t\t\t<div class=\"elementor-element elementor-element-41360066 elementor-widget elementor-widget-n-accordion\" data-id=\"41360066\" data-element_type=\"widget\" data-settings=\"{&quot;default_state&quot;:&quot;expanded&quot;,&quot;max_items_expended&quot;:&quot;one&quot;,&quot;n_accordion_animation_duration&quot;:{&quot;unit&quot;:&quot;ms&quot;,&quot;size&quot;:400,&quot;sizes&quot;:[]}}\" data-widget_type=\"nested-accordion.default\">\n\t\t\t\t\t\t\t<div class=\"e-n-accordion\" aria-label=\"Accordion. Open links with Enter or Space, close with Escape, and navigate with Arrow Keys\">\n\t\t\t\t\t\t<details id=\"e-n-accordion-item-1090\" class=\"e-n-accordion-item\" open>\n\t\t\t\t<summary class=\"e-n-accordion-item-title\" data-accordion-index=\"1\" tabindex=\"0\" aria-expanded=\"true\" aria-controls=\"e-n-accordion-item-1090\" >\n\t\t\t\t\t<span class='e-n-accordion-item-title-header'><div class=\"e-n-accordion-item-title-text\"> Mennyibe ker\u00fcl a padl\u00e1sszigetel\u00e9s f\u00fajhat\u00f3 \u00fcveggyapottal? <\/div><\/span>\n\t\t\t\t\t\t\t<span class='e-n-accordion-item-title-icon'>\n\t\t\t<span class='e-opened' ><i aria-hidden=\"true\" class=\"mdi mdi-minus-circle\"><\/i><\/span>\n\t\t\t<span class='e-closed'><i aria-hidden=\"true\" class=\"mdi mdi-plus-circle-outline\"><\/i><\/span>\n\t\t<\/span>\n\n\t\t\t\t\t\t<\/summary>\n\t\t\t\t<div role=\"region\" aria-labelledby=\"e-n-accordion-item-1090\" class=\"elementor-element elementor-element-254431c1 e-con-full e-flex e-con e-child\" data-id=\"254431c1\" data-element_type=\"container\">\n\t\t\t\t<div class=\"elementor-element elementor-element-2026f2b8 elementor-widget elementor-widget-heading\" data-id=\"2026f2b8\" data-element_type=\"widget\" data-widget_type=\"heading.default\">\n\t\t\t\t\t<div class=\"elementor-heading-title elementor-size-default\">Az \u00e1r f\u00fcgg a szigetelend\u0151 fel\u00fclet nagys\u00e1g\u00e1t\u00f3l, a r\u00e9gi szigetel\u00e9s \u00e1llapot\u00e1t\u00f3l \u00e9s a r\u00e9tegrendt\u0151l. Ingyenes helysz\u00edni felm\u00e9r\u00e9s ut\u00e1n pontos \u00e1raj\u00e1nlatot adunk, rejtett k\u00f6lts\u00e9gek n\u00e9lk\u00fcl.<\/div>\t\t\t\t<\/div>\n\t\t\t\t<\/div>\n\t\t\t\t\t<\/details>\n\t\t\t\t\t\t<details id=\"e-n-accordion-item-1091\" class=\"e-n-accordion-item\" >\n\t\t\t\t<summary class=\"e-n-accordion-item-title\" data-accordion-index=\"2\" tabindex=\"-1\" aria-expanded=\"false\" aria-controls=\"e-n-accordion-item-1091\" >\n\t\t\t\t\t<span class='e-n-accordion-item-title-header'><div class=\"e-n-accordion-item-title-text\"> Mennyi id\u0151 alatt k\u00e9sz\u00fcl el a szigetel\u00e9s? <\/div><\/span>\n\t\t\t\t\t\t\t<span class='e-n-accordion-item-title-icon'>\n\t\t\t<span class='e-opened' ><i aria-hidden=\"true\" class=\"mdi mdi-minus-circle\"><\/i><\/span>\n\t\t\t<span class='e-closed'><i aria-hidden=\"true\" class=\"mdi mdi-plus-circle-outline\"><\/i><\/span>\n\t\t<\/span>\n\n\t\t\t\t\t\t<\/summary>\n\t\t\t\t<div role=\"region\" aria-labelledby=\"e-n-accordion-item-1091\" class=\"elementor-element elementor-element-7ffea23a e-con-full e-flex e-con e-child\" data-id=\"7ffea23a\" data-element_type=\"container\">\n\t\t\t\t<div class=\"elementor-element elementor-element-3648dfbc elementor-widget elementor-widget-heading\" data-id=\"3648dfbc\" data-element_type=\"widget\" data-widget_type=\"heading.default\">\n\t\t\t\t\t<div class=\"elementor-heading-title elementor-size-default\">A legt\u00f6bb esetben egy nap alatt elv\u00e9gezz\u00fck a teljes munk\u00e1t.\nA f\u00fajhat\u00f3 \u00fcveggyapot technol\u00f3gia gyors, tiszta \u00e9s nem ig\u00e9nyel bont\u00e1st.<\/div>\t\t\t\t<\/div>\n\t\t\t\t<\/div>\n\t\t\t\t\t<\/details>\n\t\t\t\t\t\t<details id=\"e-n-accordion-item-1092\" class=\"e-n-accordion-item\" >\n\t\t\t\t<summary class=\"e-n-accordion-item-title\" data-accordion-index=\"3\" tabindex=\"-1\" aria-expanded=\"false\" aria-controls=\"e-n-accordion-item-1092\" >\n\t\t\t\t\t<span class='e-n-accordion-item-title-header'><div class=\"e-n-accordion-item-title-text\"> Ki kell pakolni a padl\u00e1st vagy a tet\u0151teret el\u0151tte? <\/div><\/span>\n\t\t\t\t\t\t\t<span class='e-n-accordion-item-title-icon'>\n\t\t\t<span class='e-opened' ><i aria-hidden=\"true\" class=\"mdi mdi-minus-circle\"><\/i><\/span>\n\t\t\t<span class='e-closed'><i aria-hidden=\"true\" class=\"mdi mdi-plus-circle-outline\"><\/i><\/span>\n\t\t<\/span>\n\n\t\t\t\t\t\t<\/summary>\n\t\t\t\t<div role=\"region\" aria-labelledby=\"e-n-accordion-item-1092\" class=\"elementor-element elementor-element-79704811 e-con-full e-flex e-con e-child\" data-id=\"79704811\" data-element_type=\"container\">\n\t\t\t\t<div class=\"elementor-element elementor-element-53e59cb1 elementor-widget elementor-widget-heading\" data-id=\"53e59cb1\" data-element_type=\"widget\" data-widget_type=\"heading.default\">\n\t\t\t\t\t<div class=\"elementor-heading-title elementor-size-default\">Nem sz\u00fcks\u00e9ges!\nA szigetel\u0151anyagot speci\u00e1lis cs\u00f6v\u00f6n kereszt\u00fcl f\u00fajjuk be, \u00edgy a legt\u00f6bb esetben nem kell kipakolni.\nCsak akkor, ha a padl\u00e1son akad\u00e1lyoz\u00f3 t\u00e1rgyak vannak a f\u00f6d\u00e9men.<\/div>\t\t\t\t<\/div>\n\t\t\t\t<\/div>\n\t\t\t\t\t<\/details>\n\t\t\t\t\t\t<details id=\"e-n-accordion-item-1093\" class=\"e-n-accordion-item\" >\n\t\t\t\t<summary class=\"e-n-accordion-item-title\" data-accordion-index=\"4\" tabindex=\"-1\" aria-expanded=\"false\" aria-controls=\"e-n-accordion-item-1093\" >\n\t\t\t\t\t<span class='e-n-accordion-item-title-header'><div class=\"e-n-accordion-item-title-text\"> Mi\u00e9rt jobb a f\u00fajhat\u00f3 \u00fcveggyapot a hagyom\u00e1nyos tekercses megold\u00e1sn\u00e1l? <\/div><\/span>\n\t\t\t\t\t\t\t<span class='e-n-accordion-item-title-icon'>\n\t\t\t<span class='e-opened' ><i aria-hidden=\"true\" class=\"mdi mdi-minus-circle\"><\/i><\/span>\n\t\t\t<span class='e-closed'><i aria-hidden=\"true\" class=\"mdi mdi-plus-circle-outline\"><\/i><\/span>\n\t\t<\/span>\n\n\t\t\t\t\t\t<\/summary>\n\t\t\t\t<div role=\"region\" aria-labelledby=\"e-n-accordion-item-1093\" class=\"elementor-element elementor-element-51ecb2e0 e-con-full e-flex e-con e-child\" data-id=\"51ecb2e0\" data-element_type=\"container\">\n\t\t\t\t<div class=\"elementor-element elementor-element-7c860132 elementor-widget elementor-widget-heading\" data-id=\"7c860132\" data-element_type=\"widget\" data-widget_type=\"heading.default\">\n\t\t\t\t\t<div class=\"elementor-heading-title elementor-size-default\">Mert h\u00e9zagmentesen kit\u00f6lti a padl\u00e1s vagy tet\u0151t\u00e9r minden r\u00e9sz\u00e9t, ahol a tekercses anyag h\u00e9zagokat hagyhat.\nNem \u00fclepszik, nem roskad meg, \u00e9s \u00e9vtizedekig meg\u0151rzi h\u0151szigetel\u0151 tulajdons\u00e1g\u00e1t.<\/div>\t\t\t\t<\/div>\n\t\t\t\t<\/div>\n\t\t\t\t\t<\/details>\n\t\t\t\t\t\t<details id=\"e-n-accordion-item-1094\" class=\"e-n-accordion-item\" >\n\t\t\t\t<summary class=\"e-n-accordion-item-title\" data-accordion-index=\"5\" tabindex=\"-1\" aria-expanded=\"false\" aria-controls=\"e-n-accordion-item-1094\" >\n\t\t\t\t\t<span class='e-n-accordion-item-title-header'><div class=\"e-n-accordion-item-title-text\"> Lehet-e ut\u00f3lag szigetelni a tet\u0151teret bont\u00e1s n\u00e9lk\u00fcl? <\/div><\/span>\n\t\t\t\t\t\t\t<span class='e-n-accordion-item-title-icon'>\n\t\t\t<span class='e-opened' ><i aria-hidden=\"true\" class=\"mdi mdi-minus-circle\"><\/i><\/span>\n\t\t\t<span class='e-closed'><i aria-hidden=\"true\" class=\"mdi mdi-plus-circle-outline\"><\/i><\/span>\n\t\t<\/span>\n\n\t\t\t\t\t\t<\/summary>\n\t\t\t\t<div role=\"region\" aria-labelledby=\"e-n-accordion-item-1094\" class=\"elementor-element elementor-element-2e301261 e-con-full e-flex e-con e-child\" data-id=\"2e301261\" data-element_type=\"container\">\n\t\t\t\t<div class=\"elementor-element elementor-element-4e9c48bd elementor-widget elementor-widget-heading\" data-id=\"4e9c48bd\" data-element_type=\"widget\" data-widget_type=\"heading.default\">\n\t\t\t\t\t<div class=\"elementor-heading-title elementor-size-default\">Igen, ez a f\u00fajhat\u00f3 szigetel\u00e9s legnagyobb el\u0151nye.\nAz anyagot a gipszkarton m\u00f6g\u00e9, a szaruf\u00e1k k\u00f6z\u00e9 vagy f\u00f6l\u00e9 juttatjuk be, \u00edgy nem kell megbontani a szerkezetet.<\/div>\t\t\t\t<\/div>\n\t\t\t\t<\/div>\n\t\t\t\t\t<\/details>\n\t\t\t\t\t<\/div>\n\t\t\t\t\t\t<\/div>\n\t\t\t\t<\/div>\n\t\t<div class=\"elementor-element elementor-element-51811c71 e-con-full e-flex elementor-invisible e-con e-child\" data-id=\"51811c71\" data-element_type=\"container\" data-settings=\"{&quot;background_background&quot;:&quot;classic&quot;,&quot;animation&quot;:&quot;fadeInUp&quot;}\">\n\t\t\t\t<div class=\"elementor-element elementor-element-1d228b8 elementor-widget elementor-widget-heading\" data-id=\"1d228b8\" data-element_type=\"widget\" data-widget_type=\"heading.default\">\n\t\t\t\t\t<h2 class=\"elementor-heading-title elementor-size-default\">\u00cdrjon \u00fczenetet<\/h2>\t\t\t\t<\/div>\n\t\t\t\t<div class=\"elementor-element elementor-element-43861c05 elementor-widget-divider--view-line elementor-widget elementor-widget-divider\" data-id=\"43861c05\" data-element_type=\"widget\" data-widget_type=\"divider.default\">\n\t\t\t\t\t\t\t<div class=\"elementor-divider\">\n\t\t\t<span class=\"elementor-divider-separator\">\n\t\t\t\t\t\t<\/span>\n\t\t<\/div>\n\t\t\t\t\t\t<\/div>\n\t\t\t\t<div class=\"elementor-element elementor-element-1a86cd1e elementor-button-align-start elementor-widget elementor-widget-form\" data-id=\"1a86cd1e\" data-element_type=\"widget\" data-settings=\"{&quot;step_next_label&quot;:&quot;Next&quot;,&quot;step_previous_label&quot;:&quot;Previous&quot;,&quot;button_width&quot;:&quot;100&quot;,&quot;step_type&quot;:&quot;number_text&quot;,&quot;step_icon_shape&quot;:&quot;circle&quot;}\" data-widget_type=\"form.default\">\n\t\t\t\t\t\t\t<form class=\"elementor-form\" method=\"post\" name=\"New Form\" aria-label=\"New Form\">\n\t\t\t<input type=\"hidden\" name=\"post_id\" value=\"142\"\/>\n\t\t\t<input type=\"hidden\" name=\"form_id\" value=\"1a86cd1e\"\/>\n\t\t\t<input type=\"hidden\" name=\"referer_title\" value=\"Kapcsolat\" \/>\n\n\t\t\t\t\t\t\t<input type=\"hidden\" name=\"queried_id\" value=\"142\"\/>\n\t\t\t\n\t\t\t<div class=\"elementor-form-fields-wrapper elementor-labels-above\">\n\t\t\t\t\t\t\t\t<div class=\"elementor-field-type-text elementor-field-group elementor-column elementor-field-group-name elementor-col-50 elementor-md-100\">\n\t\t\t\t\t\t\t\t\t\t\t\t<label for=\"form-field-name\" class=\"elementor-field-label\">\n\t\t\t\t\t\t\t\tN\u00e9v\t\t\t\t\t\t\t<\/label>\n\t\t\t\t\t\t\t\t\t\t\t\t\t\t<input size=\"1\" type=\"text\" name=\"form_fields[name]\" id=\"form-field-name\" class=\"elementor-field elementor-size-sm  elementor-field-textual\" placeholder=\"N\u00e9v\">\n\t\t\t\t\t\t\t\t\t\t\t<\/div>\n\t\t\t\t\t\t\t\t<div class=\"elementor-field-type-tel elementor-field-group elementor-column elementor-field-group-field_7e3edf7 elementor-col-50 elementor-md-100 elementor-field-required\">\n\t\t\t\t\t\t\t\t\t\t\t\t<label for=\"form-field-field_7e3edf7\" class=\"elementor-field-label\">\n\t\t\t\t\t\t\t\tTelefonsz\u00e1m\t\t\t\t\t\t\t<\/label>\n\t\t\t\t\t\t\t\t<input size=\"1\" type=\"tel\" name=\"form_fields[field_7e3edf7]\" id=\"form-field-field_7e3edf7\" class=\"elementor-field elementor-size-sm  elementor-field-textual\" placeholder=\"Telefonsz\u00e1m\" required=\"required\" pattern=\"[0-9()#&amp;+*-=.]+\" title=\"Only numbers and phone characters (#, -, *, etc) are accepted.\">\n\n\t\t\t\t\t\t<\/div>\n\t\t\t\t\t\t\t\t<div class=\"elementor-field-type-textarea elementor-field-group elementor-column elementor-field-group-message elementor-col-100\">\n\t\t\t\t\t\t\t\t\t\t\t\t<label for=\"form-field-message\" class=\"elementor-field-label\">\n\t\t\t\t\t\t\t\t\u00dczenet\t\t\t\t\t\t\t<\/label>\n\t\t\t\t\t\t<textarea class=\"elementor-field-textual elementor-field  elementor-size-sm\" name=\"form_fields[message]\" id=\"form-field-message\" rows=\"4\" placeholder=\"\u00dczenet\"><\/textarea>\t\t\t\t<\/div>\n\t\t\t\t\t\t\t\t<div class=\"elementor-field-group elementor-column elementor-field-type-submit elementor-col-100 e-form__buttons\">\n\t\t\t\t\t<button class=\"elementor-button elementor-size-sm\" type=\"submit\">\n\t\t\t\t\t\t<span class=\"elementor-button-content-wrapper\">\n\t\t\t\t\t\t\t\t\t\t\t\t\t\t\t<span class=\"elementor-button-icon\">\n\t\t\t\t\t\t\t\t\t<i aria-hidden=\"true\" class=\"mdi mdi-email-outline\"><\/i>\t\t\t\t\t\t\t\t\t\t\t\t\t\t\t\t\t<\/span>\n\t\t\t\t\t\t\t\t\t\t\t\t\t\t\t\t\t\t\t\t\t\t<span class=\"elementor-button-text\">K\u00fcld\u00e9s<\/span>\n\t\t\t\t\t\t\t\t\t\t\t\t\t<\/span>\n\t\t\t\t\t<\/button>\n\t\t\t\t<\/div>\n\t\t\t<\/div>\n\t\t<\/form>\n\t\t\t\t\t\t<\/div>\n\t\t\t\t<\/div>\n\t\t\t\t\t<\/div>\n\t\t\t\t<\/div>\n\t\t\t\t<\/div>\n\t\t","protected":false},"excerpt":{"rendered":"<p>Ingyenes \u00e1raj\u00e1nlat\u00e9rt kattintson! Gyakran Ism\u00e9telt K\u00e9rd\u00e9sek Mennyibe ker\u00fcl a padl\u00e1sszigetel\u00e9s f\u00fajhat\u00f3 \u00fcveggyapottal? Az \u00e1r f\u00fcgg a szigetelend\u0151 fel\u00fclet nagys\u00e1g\u00e1t\u00f3l, a r\u00e9gi szigetel\u00e9s \u00e1llapot\u00e1t\u00f3l \u00e9s a r\u00e9tegrendt\u0151l. Ingyenes helysz\u00edni felm\u00e9r\u00e9s ut\u00e1n pontos \u00e1raj\u00e1nlatot adunk, rejtett k\u00f6lts\u00e9gek n\u00e9lk\u00fcl. Mennyi id\u0151 alatt k\u00e9sz\u00fcl el a szigetel\u00e9s? A legt\u00f6bb esetben egy nap alatt elv\u00e9gezz\u00fck a teljes munk\u00e1t. A f\u00fajhat\u00f3 [&hellip;]<\/p>\n","protected":false},"author":1,"featured_media":0,"parent":0,"menu_order":0,"comment_status":"closed","ping_status":"closed","template":"elementor_header_footer","meta":{"footnotes":""},"class_list":["post-142","page","type-page","status-publish","hentry"],"_links":{"self":[{"href":"https:\/\/szigeteloszakik.hu\/index.php?rest_route=\/wp\/v2\/pages\/142","targetHints":{"allow":["GET"]}}],"collection":[{"href":"https:\/\/szigeteloszakik.hu\/index.php?rest_route=\/wp\/v2\/pages"}],"about":[{"href":"https:\/\/szigeteloszakik.hu\/index.php?rest_route=\/wp\/v2\/types\/page"}],"author":[{"embeddable":true,"href":"https:\/\/szigeteloszakik.hu\/index.php?rest_route=\/wp\/v2\/users\/1"}],"replies":[{"embeddable":true,"href":"https:\/\/szigeteloszakik.hu\/index.php?rest_route=%2Fwp%2Fv2%2Fcomments&post=142"}],"version-history":[{"count":10,"href":"https:\/\/szigeteloszakik.hu\/index.php?rest_route=\/wp\/v2\/pages\/142\/revisions"}],"predecessor-version":[{"id":210,"href":"https:\/\/szigeteloszakik.hu\/index.php?rest_route=\/wp\/v2\/pages\/142\/revisions\/210"}],"wp:attachment":[{"href":"https:\/\/szigeteloszakik.hu\/index.php?rest_route=%2Fwp%2Fv2%2Fmedia&parent=142"}],"curies":[{"name":"wp","href":"https:\/\/api.w.org\/{rel}","templated":true}]}}