{"id":134,"date":"2025-10-09T11:29:01","date_gmt":"2025-10-09T09:29:01","guid":{"rendered":"https:\/\/szigeteloszakik.hu\/?page_id=134"},"modified":"2025-10-09T12:22:41","modified_gmt":"2025-10-09T10:22:41","slug":"regi-szigeteles-csereje-javitasa","status":"publish","type":"page","link":"https:\/\/szigeteloszakik.hu\/?page_id=134","title":{"rendered":"R\u00e9gi szigetel\u00e9s cser\u00e9je \/ jav\u00edt\u00e1sa"},"content":{"rendered":"\t\t<div data-elementor-type=\"wp-page\" data-elementor-id=\"134\" class=\"elementor elementor-134\" data-elementor-post-type=\"page\">\n\t\t\t\t<div class=\"elementor-element elementor-element-73e658d2 e-flex e-con-boxed e-con e-parent\" data-id=\"73e658d2\" data-element_type=\"container\" data-settings=\"{&quot;background_background&quot;:&quot;classic&quot;}\">\n\t\t\t\t\t<div class=\"e-con-inner\">\n\t\t<div class=\"elementor-element elementor-element-2c8f523f e-con-full e-flex e-con e-child\" data-id=\"2c8f523f\" data-element_type=\"container\">\n\t\t\t\t<div class=\"elementor-element elementor-element-6432ff34 elementor-invisible elementor-widget elementor-widget-heading\" data-id=\"6432ff34\" data-element_type=\"widget\" data-settings=\"{&quot;_animation&quot;:&quot;fadeInUp&quot;,&quot;_animation_delay&quot;:200}\" data-widget_type=\"heading.default\">\n\t\t\t\t\t<h1 class=\"elementor-heading-title elementor-size-default\">R\u00e9gi szigetel\u00e9s cser\u00e9je \u00e9s jav\u00edt\u00e1sa<\/h1>\t\t\t\t<\/div>\n\t\t\t\t<div class=\"elementor-element elementor-element-ee09823 elementor-invisible elementor-widget elementor-widget-heading\" data-id=\"ee09823\" data-element_type=\"widget\" data-settings=\"{&quot;_animation&quot;:&quot;fadeInUp&quot;,&quot;_animation_delay&quot;:200}\" data-widget_type=\"heading.default\">\n\t\t\t\t\t<div class=\"elementor-heading-title elementor-size-default\">Meg\u00faj\u00edtjuk otthona szigetel\u00e9s\u00e9t \u2013 hogy \u00fajra energiatakar\u00e9kos legyen\n\nA r\u00e9gi szigetel\u00e9s sok esetben elvesz\u00edti h\u0151megtart\u00f3 k\u00e9pess\u00e9g\u00e9t, le\u00fclepedik, el\u00e1zik, vagy m\u00e1r nem felel meg a mai elv\u00e1r\u00e1soknak.<\/div>\t\t\t\t<\/div>\n\t\t\t\t<\/div>\n\t\t\t\t\t<\/div>\n\t\t\t\t<\/div>\n\t\t<div class=\"elementor-element elementor-element-148a979 e-flex e-con-boxed e-con e-parent\" data-id=\"148a979\" data-element_type=\"container\">\n\t\t\t\t\t<div class=\"e-con-inner\">\n\t\t\t\t<div class=\"elementor-element elementor-element-561cb4e elementor-tablet-align-justify elementor-button-warning elementor-align-center elementor-widget elementor-widget-button\" data-id=\"561cb4e\" data-element_type=\"widget\" data-widget_type=\"button.default\">\n\t\t\t\t\t\t\t\t\t\t<a class=\"elementor-button elementor-button-link elementor-size-sm\" href=\"tel:+36301241548\">\n\t\t\t\t\t\t<span class=\"elementor-button-content-wrapper\">\n\t\t\t\t\t\t<span class=\"elementor-button-icon\">\n\t\t\t\t<i aria-hidden=\"true\" class=\"icon icon-phone1\"><\/i>\t\t\t<\/span>\n\t\t\t\t\t\t\t\t\t<span class=\"elementor-button-text\">Ingyenes \u00e1raj\u00e1nlat\u00e9rt kattintson!<\/span>\n\t\t\t\t\t<\/span>\n\t\t\t\t\t<\/a>\n\t\t\t\t\t\t\t\t<\/div>\n\t\t\t\t\t<\/div>\n\t\t\t\t<\/div>\n\t\t<div class=\"elementor-element elementor-element-5d20056 e-con-full e-flex e-con e-child\" data-id=\"5d20056\" data-element_type=\"container\">\n\t\t\t\t<div class=\"elementor-element elementor-element-02de138 elementor-widget elementor-widget-heading\" data-id=\"02de138\" data-element_type=\"widget\" data-widget_type=\"heading.default\">\n\t\t\t\t\t<h4 class=\"elementor-heading-title elementor-size-default\">R\u00e9gi szigetel\u00e9s cser\u00e9je \u00e9s jav\u00edt\u00e1sa \u2013 korszer\u0171, tart\u00f3s megold\u00e1ssal<\/h4>\t\t\t\t<\/div>\n\t\t\t\t<div class=\"elementor-element elementor-element-2cf00ae elementor-widget elementor-widget-heading\" data-id=\"2cf00ae\" data-element_type=\"widget\" data-widget_type=\"heading.default\">\n\t\t\t\t\t<div class=\"elementor-heading-title elementor-size-default\">A r\u00e9gi szigetel\u00e9s sok esetben elvesz\u00edti h\u0151megtart\u00f3 k\u00e9pess\u00e9g\u00e9t, le\u00fclepedik, el\u00e1zik, vagy m\u00e1r nem felel meg a mai elv\u00e1r\u00e1soknak. Ilyenkor a legjobb d\u00f6nt\u00e9s a r\u00e9gi szigetel\u00e9s cser\u00e9je korszer\u0171, f\u00fajhat\u00f3 \u00fcveggyapotra, amely tart\u00f3s, k\u00f6rnyezetbar\u00e1t \u00e9s bont\u00e1s n\u00e9lk\u00fcl is be\u00e9p\u00edthet\u0151. A Szigetel\u0151 Szakik csapata az orsz\u00e1g eg\u00e9sz ter\u00fclet\u00e9n v\u00e1llal padl\u00e1s- \u00e9s tet\u0151t\u00e9rszigetel\u00e9s fel\u00faj\u00edt\u00e1st, teljes anyagcser\u00e9t \u00e9s hibajav\u00edt\u00e1st \u2013 gyorsan, tiszt\u00e1n \u00e9s garanci\u00e1val.<\/div>\t\t\t\t<\/div>\n\t\t\t\t<div class=\"elementor-element elementor-element-71e8d4b elementor-widget elementor-widget-heading\" data-id=\"71e8d4b\" data-element_type=\"widget\" data-widget_type=\"heading.default\">\n\t\t\t\t\t<div class=\"elementor-heading-title elementor-size-default\"><h4 data-start=\"1207\" data-end=\"1256\">\ud83c\udfe1 <strong data-start=\"1213\" data-end=\"1256\">Mi\u00e9rt fontos a r\u00e9gi szigetel\u00e9s cser\u00e9je?<\/strong><\/h4>\n<p data-start=\"1258\" data-end=\"1280\">Az elavult szigetel\u00e9s:<\/p>\n\n<ul>\n \t<li data-start=\"1283\" data-end=\"1341\"><strong data-start=\"1283\" data-end=\"1303\">nem tartja a h\u0151t<\/strong>, \u00edgy a f\u0171t\u00e9ssz\u00e1mla folyamatosan n\u0151,<\/li>\n \t<li data-start=\"1344\" data-end=\"1398\"><strong data-start=\"1344\" data-end=\"1371\">nedvess\u00e9get sz\u00edvhat fel<\/strong>, ami pen\u00e9szesed\u00e9st okoz,<\/li>\n \t<li data-start=\"1401\" data-end=\"1461\"><strong data-start=\"1401\" data-end=\"1426\">\u00f6sszeesik, le\u00fclepszik<\/strong>, \u00e9s r\u00e9sek, h\u0151hidak alakulnak ki,<\/li>\n \t<li data-start=\"1464\" data-end=\"1514\"><strong data-start=\"1464\" data-end=\"1481\">nem felel meg<\/strong> a mai h\u0151technikai szabv\u00e1nyoknak.<\/li>\n<\/ul>\n<p data-start=\"1516\" data-end=\"1565\"><strong>A modern \u00fcveggyapot szigetel\u00e9s ezzel szemben:<\/strong><\/p>\n\n<ul>\n \t<li data-start=\"1568\" data-end=\"1591\">h\u0151- \u00e9s hangszigetel\u0151,<\/li>\n \t<li data-start=\"1594\" data-end=\"1609\">nem \u00fclepszik,<\/li>\n \t<li data-start=\"1612\" data-end=\"1629\">nem pen\u00e9szedik,<\/li>\n \t<li data-start=\"1632\" data-end=\"1645\">nem \u00e9ghet\u0151,<\/li>\n \t<li data-start=\"1648\" data-end=\"1686\"><strong data-start=\"1648\" data-end=\"1679\">\u00e9vtizedekre sz\u00f3l\u00f3 megold\u00e1st<\/strong> k\u00edn\u00e1l.<\/li>\n<\/ul><\/div>\t\t\t\t<\/div>\n\t\t\t\t<div class=\"elementor-element elementor-element-de0b310 elementor-widget elementor-widget-image\" data-id=\"de0b310\" data-element_type=\"widget\" data-widget_type=\"image.default\">\n\t\t\t\t\t\t\t\t\t\t\t\t\t\t\t<img fetchpriority=\"high\" decoding=\"async\" width=\"2048\" height=\"921\" src=\"https:\/\/szigeteloszakik.hu\/wp-content\/uploads\/2025\/10\/51ff53ed-e612-4c00-8781-6d08d9c7ec2b.jpeg\" class=\"attachment-full size-full wp-image-167\" alt=\"\" srcset=\"https:\/\/szigeteloszakik.hu\/wp-content\/uploads\/2025\/10\/51ff53ed-e612-4c00-8781-6d08d9c7ec2b.jpeg 2048w, https:\/\/szigeteloszakik.hu\/wp-content\/uploads\/2025\/10\/51ff53ed-e612-4c00-8781-6d08d9c7ec2b-300x135.jpeg 300w, https:\/\/szigeteloszakik.hu\/wp-content\/uploads\/2025\/10\/51ff53ed-e612-4c00-8781-6d08d9c7ec2b-1024x461.jpeg 1024w, https:\/\/szigeteloszakik.hu\/wp-content\/uploads\/2025\/10\/51ff53ed-e612-4c00-8781-6d08d9c7ec2b-768x345.jpeg 768w, https:\/\/szigeteloszakik.hu\/wp-content\/uploads\/2025\/10\/51ff53ed-e612-4c00-8781-6d08d9c7ec2b-1536x691.jpeg 1536w\" sizes=\"(max-width: 2048px) 100vw, 2048px\" \/>\t\t\t\t\t\t\t\t\t\t\t\t\t\t\t<\/div>\n\t\t\t\t<div class=\"elementor-element elementor-element-f88ad0a elementor-widget elementor-widget-heading\" data-id=\"f88ad0a\" data-element_type=\"widget\" data-widget_type=\"heading.default\">\n\t\t\t\t\t<h5 class=\"elementor-heading-title elementor-size-default\">Milyen el\u0151nyei vannak a korszer\u0171 szigetel\u00e9snek?<\/h5>\t\t\t\t<\/div>\n\t\t\t\t<div class=\"elementor-element elementor-element-0de33e5 elementor-widget elementor-widget-heading\" data-id=\"0de33e5\" data-element_type=\"widget\" data-widget_type=\"heading.default\">\n\t\t\t\t\t<div class=\"elementor-heading-title elementor-size-default\">A Szigetel\u0151 Szakik az orsz\u00e1g minden r\u00e9sz\u00e9n v\u00e1llalj\u00e1k a r\u00e9gi szigetel\u00e9s jav\u00edt\u00e1s\u00e1t \u00e9s cser\u00e9j\u00e9t, legyen az csal\u00e1di h\u00e1z, tet\u0151t\u00e9r, nyaral\u00f3 vagy ak\u00e1r t\u00e1rsash\u00e1z. Budapest, Pest megye, Gy\u0151r, Debrecen, Szeged, P\u00e9cs, Miskolc, Ny\u00edregyh\u00e1za \u2013 b\u00e1rhol seg\u00edt\u00fcnk!<\/div>\t\t\t\t<\/div>\n\t\t<div class=\"elementor-element elementor-element-eb858e3 e-grid e-con-full e-con e-child\" data-id=\"eb858e3\" data-element_type=\"container\">\n\t\t\t\t<div class=\"elementor-element elementor-element-8bc4103 elementor-icon-list--layout-traditional elementor-list-item-link-full_width elementor-widget elementor-widget-icon-list\" data-id=\"8bc4103\" data-element_type=\"widget\" data-widget_type=\"icon-list.default\">\n\t\t\t\t\t\t\t<ul class=\"elementor-icon-list-items\">\n\t\t\t\t\t\t\t<li class=\"elementor-icon-list-item\">\n\t\t\t\t\t\t\t\t\t\t\t<span class=\"elementor-icon-list-icon\">\n\t\t\t\t\t\t\t<svg aria-hidden=\"true\" class=\"e-font-icon-svg e-fas-info-circle\" viewBox=\"0 0 512 512\" xmlns=\"http:\/\/www.w3.org\/2000\/svg\"><path d=\"M256 8C119.043 8 8 119.083 8 256c0 136.997 111.043 248 248 248s248-111.003 248-248C504 119.083 392.957 8 256 8zm0 110c23.196 0 42 18.804 42 42s-18.804 42-42 42-42-18.804-42-42 18.804-42 42-42zm56 254c0 6.627-5.373 12-12 12h-88c-6.627 0-12-5.373-12-12v-24c0-6.627 5.373-12 12-12h12v-64h-12c-6.627 0-12-5.373-12-12v-24c0-6.627 5.373-12 12-12h64c6.627 0 12 5.373 12 12v100h12c6.627 0 12 5.373 12 12v24z\"><\/path><\/svg>\t\t\t\t\t\t<\/span>\n\t\t\t\t\t\t\t\t\t\t<span class=\"elementor-icon-list-text\">Ak\u00e1r 30\u201340% energiamegtakar\u00edt\u00e1s<\/span>\n\t\t\t\t\t\t\t\t\t<\/li>\n\t\t\t\t\t\t\t\t<li class=\"elementor-icon-list-item\">\n\t\t\t\t\t\t\t\t\t\t\t<span class=\"elementor-icon-list-icon\">\n\t\t\t\t\t\t\t<svg aria-hidden=\"true\" class=\"e-font-icon-svg e-fas-info-circle\" viewBox=\"0 0 512 512\" xmlns=\"http:\/\/www.w3.org\/2000\/svg\"><path d=\"M256 8C119.043 8 8 119.083 8 256c0 136.997 111.043 248 248 248s248-111.003 248-248C504 119.083 392.957 8 256 8zm0 110c23.196 0 42 18.804 42 42s-18.804 42-42 42-42-18.804-42-42 18.804-42 42-42zm56 254c0 6.627-5.373 12-12 12h-88c-6.627 0-12-5.373-12-12v-24c0-6.627 5.373-12 12-12h12v-64h-12c-6.627 0-12-5.373-12-12v-24c0-6.627 5.373-12 12-12h64c6.627 0 12 5.373 12 12v100h12c6.627 0 12 5.373 12 12v24z\"><\/path><\/svg>\t\t\t\t\t\t<\/span>\n\t\t\t\t\t\t\t\t\t\t<span class=\"elementor-icon-list-text\">Nem \u00e9ghet\u0151 (A1 t\u0171zv\u00e9delmi oszt\u00e1ly)<\/span>\n\t\t\t\t\t\t\t\t\t<\/li>\n\t\t\t\t\t\t<\/ul>\n\t\t\t\t\t\t<\/div>\n\t\t\t\t<div class=\"elementor-element elementor-element-9ccac74 elementor-icon-list--layout-traditional elementor-list-item-link-full_width elementor-widget elementor-widget-icon-list\" data-id=\"9ccac74\" data-element_type=\"widget\" data-widget_type=\"icon-list.default\">\n\t\t\t\t\t\t\t<ul class=\"elementor-icon-list-items\">\n\t\t\t\t\t\t\t<li class=\"elementor-icon-list-item\">\n\t\t\t\t\t\t\t\t\t\t\t<span class=\"elementor-icon-list-icon\">\n\t\t\t\t\t\t\t<svg aria-hidden=\"true\" class=\"e-font-icon-svg e-fas-info-circle\" viewBox=\"0 0 512 512\" xmlns=\"http:\/\/www.w3.org\/2000\/svg\"><path d=\"M256 8C119.043 8 8 119.083 8 256c0 136.997 111.043 248 248 248s248-111.003 248-248C504 119.083 392.957 8 256 8zm0 110c23.196 0 42 18.804 42 42s-18.804 42-42 42-42-18.804-42-42 18.804-42 42-42zm56 254c0 6.627-5.373 12-12 12h-88c-6.627 0-12-5.373-12-12v-24c0-6.627 5.373-12 12-12h12v-64h-12c-6.627 0-12-5.373-12-12v-24c0-6.627 5.373-12 12-12h64c6.627 0 12 5.373 12 12v100h12c6.627 0 12 5.373 12 12v24z\"><\/path><\/svg>\t\t\t\t\t\t<\/span>\n\t\t\t\t\t\t\t\t\t\t<span class=\"elementor-icon-list-text\">Nem \u00fclepszik le \u00e9s nem vesz\u00edti el hat\u00e1s\u00e1t<\/span>\n\t\t\t\t\t\t\t\t\t<\/li>\n\t\t\t\t\t\t\t\t<li class=\"elementor-icon-list-item\">\n\t\t\t\t\t\t\t\t\t\t\t<span class=\"elementor-icon-list-icon\">\n\t\t\t\t\t\t\t<svg aria-hidden=\"true\" class=\"e-font-icon-svg e-fas-info-circle\" viewBox=\"0 0 512 512\" xmlns=\"http:\/\/www.w3.org\/2000\/svg\"><path d=\"M256 8C119.043 8 8 119.083 8 256c0 136.997 111.043 248 248 248s248-111.003 248-248C504 119.083 392.957 8 256 8zm0 110c23.196 0 42 18.804 42 42s-18.804 42-42 42-42-18.804-42-42 18.804-42 42-42zm56 254c0 6.627-5.373 12-12 12h-88c-6.627 0-12-5.373-12-12v-24c0-6.627 5.373-12 12-12h12v-64h-12c-6.627 0-12-5.373-12-12v-24c0-6.627 5.373-12 12-12h64c6.627 0 12 5.373 12 12v100h12c6.627 0 12 5.373 12 12v24z\"><\/path><\/svg>\t\t\t\t\t\t<\/span>\n\t\t\t\t\t\t\t\t\t\t<span class=\"elementor-icon-list-text\">P\u00e1radiff\u00faz \u2013 megel\u0151zi a pen\u00e9szesed\u00e9st<\/span>\n\t\t\t\t\t\t\t\t\t<\/li>\n\t\t\t\t\t\t<\/ul>\n\t\t\t\t\t\t<\/div>\n\t\t\t\t<\/div>\n\t\t\t\t<\/div>\n\t\t<div class=\"elementor-element elementor-element-3c030de e-flex e-con-boxed e-con e-parent\" data-id=\"3c030de\" data-element_type=\"container\" data-settings=\"{&quot;background_background&quot;:&quot;classic&quot;}\">\n\t\t\t\t\t<div class=\"e-con-inner\">\n\t\t<div class=\"elementor-element elementor-element-f17cde4 e-con-full e-flex elementor-invisible e-con e-child\" data-id=\"f17cde4\" data-element_type=\"container\" data-settings=\"{&quot;background_background&quot;:&quot;classic&quot;,&quot;animation&quot;:&quot;fadeInUp&quot;}\">\n\t\t\t\t<div class=\"elementor-element elementor-element-f869826 elementor-button-align-start elementor-widget elementor-widget-form\" data-id=\"f869826\" data-element_type=\"widget\" data-settings=\"{&quot;step_next_label&quot;:&quot;Next&quot;,&quot;step_previous_label&quot;:&quot;Previous&quot;,&quot;button_width&quot;:&quot;100&quot;,&quot;step_type&quot;:&quot;number_text&quot;,&quot;step_icon_shape&quot;:&quot;circle&quot;}\" data-widget_type=\"form.default\">\n\t\t\t\t\t\t\t<form class=\"elementor-form\" method=\"post\" name=\"New Form\" aria-label=\"New Form\">\n\t\t\t<input type=\"hidden\" name=\"post_id\" value=\"134\"\/>\n\t\t\t<input type=\"hidden\" name=\"form_id\" value=\"f869826\"\/>\n\t\t\t<input type=\"hidden\" name=\"referer_title\" value=\"R\u00e9gi szigetel\u00e9s cser\u00e9je \/ jav\u00edt\u00e1sa\" \/>\n\n\t\t\t\t\t\t\t<input type=\"hidden\" name=\"queried_id\" value=\"134\"\/>\n\t\t\t\n\t\t\t<div class=\"elementor-form-fields-wrapper elementor-labels-above\">\n\t\t\t\t\t\t\t\t<div class=\"elementor-field-type-text elementor-field-group elementor-column elementor-field-group-name elementor-col-50 elementor-field-required\">\n\t\t\t\t\t\t\t\t\t\t\t\t<label for=\"form-field-name\" class=\"elementor-field-label\">\n\t\t\t\t\t\t\t\tN\u00e9v\t\t\t\t\t\t\t<\/label>\n\t\t\t\t\t\t\t\t\t\t\t\t\t\t<input size=\"1\" type=\"text\" name=\"form_fields[name]\" id=\"form-field-name\" class=\"elementor-field elementor-size-sm  elementor-field-textual\" placeholder=\"N\u00e9v\" required=\"required\">\n\t\t\t\t\t\t\t\t\t\t\t<\/div>\n\t\t\t\t\t\t\t\t<div class=\"elementor-field-type-tel elementor-field-group elementor-column elementor-field-group-email elementor-col-50 elementor-field-required\">\n\t\t\t\t\t\t\t\t\t\t\t\t<label for=\"form-field-email\" class=\"elementor-field-label\">\n\t\t\t\t\t\t\t\tTelefonsz\u00e1m\t\t\t\t\t\t\t<\/label>\n\t\t\t\t\t\t\t\t<input size=\"1\" type=\"tel\" name=\"form_fields[email]\" id=\"form-field-email\" class=\"elementor-field elementor-size-sm  elementor-field-textual\" placeholder=\"Telefonsz\u00e1m\" required=\"required\" pattern=\"[0-9()#&amp;+*-=.]+\" title=\"Only numbers and phone characters (#, -, *, etc) are accepted.\">\n\n\t\t\t\t\t\t<\/div>\n\t\t\t\t\t\t\t\t<div class=\"elementor-field-type-select elementor-field-group elementor-column elementor-field-group-field_c6bb1a8 elementor-col-100 elementor-field-required\">\n\t\t\t\t\t\t\t\t\t\t\t\t<label for=\"form-field-field_c6bb1a8\" class=\"elementor-field-label\">\n\t\t\t\t\t\t\t\tMiben tudunk seg\u00edteni?\t\t\t\t\t\t\t<\/label>\n\t\t\t\t\t\t\t\t<div class=\"elementor-field elementor-select-wrapper remove-before \">\n\t\t\t<div class=\"select-caret-down-wrapper\">\n\t\t\t\t<svg aria-hidden=\"true\" class=\"e-font-icon-svg e-eicon-caret-down\" viewBox=\"0 0 571.4 571.4\" xmlns=\"http:\/\/www.w3.org\/2000\/svg\"><path d=\"M571 393Q571 407 561 418L311 668Q300 679 286 679T261 668L11 418Q0 407 0 393T11 368 36 357H536Q550 357 561 368T571 393Z\"><\/path><\/svg>\t\t\t<\/div>\n\t\t\t<select name=\"form_fields[field_c6bb1a8]\" id=\"form-field-field_c6bb1a8\" class=\"elementor-field-textual elementor-size-sm\" required=\"required\">\n\t\t\t\t\t\t\t\t\t<option value=\"Padl\u00e1sszigetel\u00e9s f\u00fajhat\u00f3 \u00fcveggyapottal\">Padl\u00e1sszigetel\u00e9s f\u00fajhat\u00f3 \u00fcveggyapottal<\/option>\n\t\t\t\t\t\t\t\t\t<option value=\"Tet\u0151t\u00e9r szigetel\u00e9s\">Tet\u0151t\u00e9r szigetel\u00e9s<\/option>\n\t\t\t\t\t\t\t\t\t<option value=\"R\u00e9gi szigetel\u00e9s cser\u00e9je\">R\u00e9gi szigetel\u00e9s cser\u00e9je<\/option>\n\t\t\t\t\t\t\t\t\t<option value=\"H\u0151kamer\u00e1s felm\u00e9r\u00e9s\">H\u0151kamer\u00e1s felm\u00e9r\u00e9s<\/option>\n\t\t\t\t\t\t\t<\/select>\n\t\t<\/div>\n\t\t\t\t\t\t<\/div>\n\t\t\t\t\t\t\t\t<div class=\"elementor-field-type-textarea elementor-field-group elementor-column elementor-field-group-message elementor-col-100\">\n\t\t\t\t\t\t\t\t\t\t\t\t<label for=\"form-field-message\" class=\"elementor-field-label\">\n\t\t\t\t\t\t\t\t\u00dczenet\t\t\t\t\t\t\t<\/label>\n\t\t\t\t\t\t<textarea class=\"elementor-field-textual elementor-field  elementor-size-sm\" name=\"form_fields[message]\" id=\"form-field-message\" rows=\"4\" placeholder=\"\u00dczenet\"><\/textarea>\t\t\t\t<\/div>\n\t\t\t\t\t\t\t\t<div class=\"elementor-field-group elementor-column elementor-field-type-submit elementor-col-100 e-form__buttons\">\n\t\t\t\t\t<button class=\"elementor-button elementor-size-sm\" type=\"submit\">\n\t\t\t\t\t\t<span class=\"elementor-button-content-wrapper\">\n\t\t\t\t\t\t\t\t\t\t\t\t\t\t\t\t\t\t\t\t\t\t<span class=\"elementor-button-text\">K\u00fcld\u00e9s<\/span>\n\t\t\t\t\t\t\t\t\t\t\t\t\t<\/span>\n\t\t\t\t\t<\/button>\n\t\t\t\t<\/div>\n\t\t\t<\/div>\n\t\t<\/form>\n\t\t\t\t\t\t<\/div>\n\t\t\t\t<\/div>\n\t\t<div class=\"elementor-element elementor-element-668036d e-con-full e-flex elementor-invisible e-con e-child\" data-id=\"668036d\" data-element_type=\"container\" data-settings=\"{&quot;animation&quot;:&quot;fadeInRight&quot;,&quot;animation_delay&quot;:200}\">\n\t\t\t\t<div class=\"elementor-element elementor-element-9761d21 elementor-widget elementor-widget-heading\" data-id=\"9761d21\" data-element_type=\"widget\" data-widget_type=\"heading.default\">\n\t\t\t\t\t<h2 class=\"elementor-heading-title elementor-size-default\">K\u00e9rjen aj\u00e1nlatot \u2013 szigetel\u00e9s gyorsan, tiszt\u00e1n, garanci\u00e1val!<\/h2>\t\t\t\t<\/div>\n\t\t\t\t<div class=\"elementor-element elementor-element-3dd6e79 elementor-widget elementor-widget-heading\" data-id=\"3dd6e79\" data-element_type=\"widget\" data-widget_type=\"heading.default\">\n\t\t\t\t\t<div class=\"elementor-heading-title elementor-size-default\">Ne v\u00e1rja meg a k\u00f6vetkez\u0151 f\u0171t\u00e9sszezont \u2013 sp\u00f3roljon most a padl\u00e1sszigetel\u00e9ssel! A Szigetel\u0151 Szakik csapata orsz\u00e1gszerte v\u00e1llal f\u00fajhat\u00f3 \u00fcveggyapot padl\u00e1sszigetel\u00e9st, tet\u0151t\u00e9r szigetel\u00e9st, r\u00e9gi szigetel\u00e9s cser\u00e9j\u00e9t \u00e9s h\u0151kamer\u00e1s felm\u00e9r\u00e9st.<\/div>\t\t\t\t<\/div>\n\t\t<div class=\"elementor-element elementor-element-6e86d98 e-con-full e-flex e-con e-child\" data-id=\"6e86d98\" data-element_type=\"container\">\n\t\t\t\t<div class=\"elementor-element elementor-element-05b4a6a elementor-tablet-align-justify elementor-widget elementor-widget-button\" data-id=\"05b4a6a\" data-element_type=\"widget\" data-widget_type=\"button.default\">\n\t\t\t\t\t\t\t\t\t\t<a class=\"elementor-button elementor-button-link elementor-size-sm\" href=\"tel:+36301241548\">\n\t\t\t\t\t\t<span class=\"elementor-button-content-wrapper\">\n\t\t\t\t\t\t<span class=\"elementor-button-icon\">\n\t\t\t\t<i aria-hidden=\"true\" class=\"mdi mdi-chat-processing\"><\/i>\t\t\t<\/span>\n\t\t\t\t\t\t\t\t\t<span class=\"elementor-button-text\">Ingyenes \u00e1raj\u00e1nlat<\/span>\n\t\t\t\t\t<\/span>\n\t\t\t\t\t<\/a>\n\t\t\t\t\t\t\t\t<\/div>\n\t\t\t\t<\/div>\n\t\t\t\t<\/div>\n\t\t\t\t\t<\/div>\n\t\t\t\t<\/div>\n\t\t\t\t<\/div>\n\t\t","protected":false},"excerpt":{"rendered":"<p>R\u00e9gi szigetel\u00e9s cser\u00e9je \u00e9s jav\u00edt\u00e1sa Meg\u00faj\u00edtjuk otthona szigetel\u00e9s\u00e9t \u2013 hogy \u00fajra energiatakar\u00e9kos legyen A r\u00e9gi szigetel\u00e9s sok esetben elvesz\u00edti h\u0151megtart\u00f3 k\u00e9pess\u00e9g\u00e9t, le\u00fclepedik, el\u00e1zik, vagy m\u00e1r nem felel meg a mai elv\u00e1r\u00e1soknak. Ingyenes \u00e1raj\u00e1nlat\u00e9rt kattintson! R\u00e9gi szigetel\u00e9s cser\u00e9je \u00e9s jav\u00edt\u00e1sa \u2013 korszer\u0171, tart\u00f3s megold\u00e1ssal A r\u00e9gi szigetel\u00e9s sok esetben elvesz\u00edti h\u0151megtart\u00f3 k\u00e9pess\u00e9g\u00e9t, le\u00fclepedik, el\u00e1zik, vagy m\u00e1r [&hellip;]<\/p>\n","protected":false},"author":1,"featured_media":0,"parent":0,"menu_order":0,"comment_status":"closed","ping_status":"closed","template":"elementor_header_footer","meta":{"footnotes":""},"class_list":["post-134","page","type-page","status-publish","hentry"],"_links":{"self":[{"href":"https:\/\/szigeteloszakik.hu\/index.php?rest_route=\/wp\/v2\/pages\/134","targetHints":{"allow":["GET"]}}],"collection":[{"href":"https:\/\/szigeteloszakik.hu\/index.php?rest_route=\/wp\/v2\/pages"}],"about":[{"href":"https:\/\/szigeteloszakik.hu\/index.php?rest_route=\/wp\/v2\/types\/page"}],"author":[{"embeddable":true,"href":"https:\/\/szigeteloszakik.hu\/index.php?rest_route=\/wp\/v2\/users\/1"}],"replies":[{"embeddable":true,"href":"https:\/\/szigeteloszakik.hu\/index.php?rest_route=%2Fwp%2Fv2%2Fcomments&post=134"}],"version-history":[{"count":10,"href":"https:\/\/szigeteloszakik.hu\/index.php?rest_route=\/wp\/v2\/pages\/134\/revisions"}],"predecessor-version":[{"id":257,"href":"https:\/\/szigeteloszakik.hu\/index.php?rest_route=\/wp\/v2\/pages\/134\/revisions\/257"}],"wp:attachment":[{"href":"https:\/\/szigeteloszakik.hu\/index.php?rest_route=%2Fwp%2Fv2%2Fmedia&parent=134"}],"curies":[{"name":"wp","href":"https:\/\/api.w.org\/{rel}","templated":true}]}}