{"id":132,"date":"2025-10-09T11:28:55","date_gmt":"2025-10-09T09:28:55","guid":{"rendered":"https:\/\/szigeteloszakik.hu\/?page_id=132"},"modified":"2025-10-09T12:19:23","modified_gmt":"2025-10-09T10:19:23","slug":"tetoter-utolagos-szigetelese","status":"publish","type":"page","link":"https:\/\/szigeteloszakik.hu\/?page_id=132","title":{"rendered":"Tet\u0151t\u00e9r ut\u00f3lagos szigetel\u00e9se"},"content":{"rendered":"\t\t<div data-elementor-type=\"wp-page\" data-elementor-id=\"132\" class=\"elementor elementor-132\" data-elementor-post-type=\"page\">\n\t\t\t\t<div class=\"elementor-element elementor-element-c83f95e e-flex e-con-boxed e-con e-parent\" data-id=\"c83f95e\" data-element_type=\"container\" data-settings=\"{&quot;background_background&quot;:&quot;classic&quot;}\">\n\t\t\t\t\t<div class=\"e-con-inner\">\n\t\t<div class=\"elementor-element elementor-element-5cb5c6a7 e-con-full e-flex e-con e-child\" data-id=\"5cb5c6a7\" data-element_type=\"container\">\n\t\t\t\t<div class=\"elementor-element elementor-element-2600864a elementor-invisible elementor-widget elementor-widget-heading\" data-id=\"2600864a\" data-element_type=\"widget\" data-settings=\"{&quot;_animation&quot;:&quot;fadeInUp&quot;,&quot;_animation_delay&quot;:200}\" data-widget_type=\"heading.default\">\n\t\t\t\t\t<h1 class=\"elementor-heading-title elementor-size-default\">Tet\u0151t\u00e9r ut\u00f3lagos szigetel\u00e9se<\/h1>\t\t\t\t<\/div>\n\t\t\t\t<div class=\"elementor-element elementor-element-d34293 elementor-invisible elementor-widget elementor-widget-heading\" data-id=\"d34293\" data-element_type=\"widget\" data-settings=\"{&quot;_animation&quot;:&quot;fadeInUp&quot;,&quot;_animation_delay&quot;:200}\" data-widget_type=\"heading.default\">\n\t\t\t\t\t<div class=\"elementor-heading-title elementor-size-default\">Megold\u00e1s a t\u00falmeleged\u0151 tet\u0151t\u00e9rre \u00e9s a magas f\u0171t\u00e9ssz\u00e1ml\u00e1ra A tet\u0151t\u00e9r ut\u00f3lagos szigetel\u00e9se elengedhetetlen, ha otthonod fels\u0151 szintje t\u00e9len gyorsan kih\u0171l, ny\u00e1ron pedig elviselhetetlen\u00fcl felmelegszik.<\/div>\t\t\t\t<\/div>\n\t\t\t\t<\/div>\n\t\t\t\t\t<\/div>\n\t\t\t\t<\/div>\n\t\t<div class=\"elementor-element elementor-element-70877d5 e-flex e-con-boxed e-con e-parent\" data-id=\"70877d5\" data-element_type=\"container\">\n\t\t\t\t\t<div class=\"e-con-inner\">\n\t\t\t\t<div class=\"elementor-element elementor-element-4eb6f74 elementor-tablet-align-justify elementor-button-warning elementor-align-center elementor-widget elementor-widget-button\" data-id=\"4eb6f74\" data-element_type=\"widget\" data-widget_type=\"button.default\">\n\t\t\t\t\t\t\t\t\t\t<a class=\"elementor-button elementor-button-link elementor-size-sm\" href=\"tel:+36301241548\">\n\t\t\t\t\t\t<span class=\"elementor-button-content-wrapper\">\n\t\t\t\t\t\t<span class=\"elementor-button-icon\">\n\t\t\t\t<i aria-hidden=\"true\" class=\"icon icon-phone1\"><\/i>\t\t\t<\/span>\n\t\t\t\t\t\t\t\t\t<span class=\"elementor-button-text\">Ingyenes \u00e1raj\u00e1nlat\u00e9rt kattintson!<\/span>\n\t\t\t\t\t<\/span>\n\t\t\t\t\t<\/a>\n\t\t\t\t\t\t\t\t<\/div>\n\t\t\t\t\t<\/div>\n\t\t\t\t<\/div>\n\t\t<div class=\"elementor-element elementor-element-88abc8f e-con-full e-flex e-con e-child\" data-id=\"88abc8f\" data-element_type=\"container\">\n\t\t\t\t<div class=\"elementor-element elementor-element-7d276a9 elementor-widget elementor-widget-heading\" data-id=\"7d276a9\" data-element_type=\"widget\" data-widget_type=\"heading.default\">\n\t\t\t\t\t<h4 class=\"elementor-heading-title elementor-size-default\">Tet\u0151t\u00e9r ut\u00f3lagos szigetel\u00e9se \u2013 f\u00fajhat\u00f3 \u00fcveggyapottal, bont\u00e1s n\u00e9lk\u00fcl<\/h4>\t\t\t\t<\/div>\n\t\t\t\t<div class=\"elementor-element elementor-element-e099e82 elementor-widget elementor-widget-heading\" data-id=\"e099e82\" data-element_type=\"widget\" data-widget_type=\"heading.default\">\n\t\t\t\t\t<div class=\"elementor-heading-title elementor-size-default\"><p data-start=\"625\" data-end=\"968\">A <strong data-start=\"627\" data-end=\"659\">tet\u0151t\u00e9r ut\u00f3lagos szigetel\u00e9se<\/strong> elengedhetetlen, ha otthonod fels\u0151 szintje <strong data-start=\"703\" data-end=\"771\">t\u00e9len gyorsan kih\u0171l, ny\u00e1ron pedig elviselhetetlen\u00fcl felmelegszik<\/strong>. A <strong data-start=\"777\" data-end=\"797\">Szigetel\u0151 Szakik<\/strong> professzion\u00e1lis m\u00f3dszerekkel, <strong data-start=\"828\" data-end=\"865\">f\u00fajhat\u00f3 \u00fcveggyapot technol\u00f3gi\u00e1val<\/strong> v\u00e9gzik a tet\u0151t\u00e9r \u00e9s ferde s\u00edkok szigetel\u00e9s\u00e9t, <strong data-start=\"912\" data-end=\"929\">bont\u00e1s n\u00e9lk\u00fcl<\/strong>, gyorsan, pormentesen \u00e9s hossz\u00fa t\u00e1vra.<\/p>\n<p data-start=\"970\" data-end=\"1141\">A korszer\u0171 anyagoknak \u00e9s a prec\u00edz kivitelez\u00e9snek k\u00f6sz\u00f6nhet\u0151en <strong data-start=\"1032\" data-end=\"1075\">ak\u00e1r 30\u201340% energi\u00e1t is megtakar\u00edthatsz<\/strong> \u00e9vente, mik\u00f6zben otthonod h\u0151m\u00e9rs\u00e9klete sokkal egyenletesebb lesz.<\/p>\n\n\n<hr data-start=\"1143\" data-end=\"1146\" \/>\n\n<h2 data-start=\"1148\" data-end=\"1202\">\ud83d\udd39 <strong data-start=\"1154\" data-end=\"1202\">Mi\u00e9rt fontos a tet\u0151t\u00e9r ut\u00f3lagos szigetel\u00e9se?<\/strong><\/h2>\n<p data-start=\"1204\" data-end=\"1401\">A meleg leveg\u0151 felfel\u00e9 sz\u00e1ll, ez\u00e9rt ha a tet\u0151 rosszul szigetelt, az energia sz\u00f3 szerint \u201ekisz\u00f6kik a h\u00e1zb\u00f3l\u201d.<br data-start=\"1312\" data-end=\"1315\" \/>A <strong data-start=\"1317\" data-end=\"1342\">tet\u0151t\u00e9r h\u0151szigetel\u00e9se<\/strong> nemcsak komfortot, hanem komoly megtakar\u00edt\u00e1st is jelent:<\/p>\n\n<ul>\n \t<li data-start=\"1404\" data-end=\"1444\"><strong data-start=\"1404\" data-end=\"1441\">kevesebb f\u0171t\u00e9si \u00e9s h\u0171t\u00e9si k\u00f6lts\u00e9g<\/strong>,<\/li>\n \t<li data-start=\"1447\" data-end=\"1475\"><strong data-start=\"1447\" data-end=\"1472\">stabilabb h\u0151m\u00e9rs\u00e9klet<\/strong>,<\/li>\n \t<li data-start=\"1478\" data-end=\"1523\"><strong data-start=\"1478\" data-end=\"1520\">nincs p\u00e1ralecsap\u00f3d\u00e1s vagy pen\u00e9szesed\u00e9s<\/strong>,<\/li>\n \t<li data-start=\"1526\" data-end=\"1566\"><strong data-start=\"1526\" data-end=\"1565\">kisebb terhel\u00e9s a kl\u00edm\u00e1n \u00e9s kaz\u00e1non<\/strong>.<\/li>\n<\/ul>\n<p data-start=\"1568\" data-end=\"1669\">A <strong data-start=\"1570\" data-end=\"1590\">Szigetel\u0151 Szakik<\/strong> technol\u00f3gi\u00e1j\u00e1val mindezt <strong data-start=\"1616\" data-end=\"1656\">megbont\u00e1s n\u00e9lk\u00fcl, gyorsan \u00e9s tiszt\u00e1n<\/strong> v\u00e9gezz\u00fck el.<\/p><\/div>\t\t\t\t<\/div>\n\t\t\t\t<div class=\"elementor-element elementor-element-c451fe4 elementor-widget elementor-widget-image\" data-id=\"c451fe4\" data-element_type=\"widget\" data-widget_type=\"image.default\">\n\t\t\t\t\t\t\t\t\t\t\t\t\t\t\t<img fetchpriority=\"high\" decoding=\"async\" width=\"2048\" height=\"921\" src=\"https:\/\/szigeteloszakik.hu\/wp-content\/uploads\/2025\/10\/51ff53ed-e612-4c00-8781-6d08d9c7ec2b.jpeg\" class=\"attachment-full size-full wp-image-167\" alt=\"\" srcset=\"https:\/\/szigeteloszakik.hu\/wp-content\/uploads\/2025\/10\/51ff53ed-e612-4c00-8781-6d08d9c7ec2b.jpeg 2048w, https:\/\/szigeteloszakik.hu\/wp-content\/uploads\/2025\/10\/51ff53ed-e612-4c00-8781-6d08d9c7ec2b-300x135.jpeg 300w, https:\/\/szigeteloszakik.hu\/wp-content\/uploads\/2025\/10\/51ff53ed-e612-4c00-8781-6d08d9c7ec2b-1024x461.jpeg 1024w, https:\/\/szigeteloszakik.hu\/wp-content\/uploads\/2025\/10\/51ff53ed-e612-4c00-8781-6d08d9c7ec2b-768x345.jpeg 768w, https:\/\/szigeteloszakik.hu\/wp-content\/uploads\/2025\/10\/51ff53ed-e612-4c00-8781-6d08d9c7ec2b-1536x691.jpeg 1536w\" sizes=\"(max-width: 2048px) 100vw, 2048px\" \/>\t\t\t\t\t\t\t\t\t\t\t\t\t\t\t<\/div>\n\t\t\t\t<div class=\"elementor-element elementor-element-49fc531 elementor-widget elementor-widget-heading\" data-id=\"49fc531\" data-element_type=\"widget\" data-widget_type=\"heading.default\">\n\t\t\t\t\t<h5 class=\"elementor-heading-title elementor-size-default\">Mi\u00e9rt \u00e9rdemes a f\u00fajhat\u00f3 \u00fcveggyapotot v\u00e1lasztani?<\/h5>\t\t\t\t<\/div>\n\t\t\t\t<div class=\"elementor-element elementor-element-0f12ad0 elementor-widget elementor-widget-heading\" data-id=\"0f12ad0\" data-element_type=\"widget\" data-widget_type=\"heading.default\">\n\t\t\t\t\t<div class=\"elementor-heading-title elementor-size-default\">A Szigetel\u0151 Szakik az orsz\u00e1g teljes ter\u00fclet\u00e9n v\u00e1llalnak padl\u00e1s- \u00e9s tet\u0151t\u00e9rszigetel\u00e9st. Dolgoztunk m\u00e1r Budapesten, Gy\u0151rben, Szegeden, Debrecenben, P\u00e9csen, Ny\u00edregyh\u00e1z\u00e1n \u00e9s kisebb falvakban is \u2013 mindenhol ugyanazzal a min\u0151s\u00e9ggel \u00e9s garanci\u00e1val.<\/div>\t\t\t\t<\/div>\n\t\t<div class=\"elementor-element elementor-element-03b69e8 e-grid e-con-full e-con e-child\" data-id=\"03b69e8\" data-element_type=\"container\">\n\t\t\t\t<div class=\"elementor-element elementor-element-1613d43 elementor-icon-list--layout-traditional elementor-list-item-link-full_width elementor-widget elementor-widget-icon-list\" data-id=\"1613d43\" data-element_type=\"widget\" data-widget_type=\"icon-list.default\">\n\t\t\t\t\t\t\t<ul class=\"elementor-icon-list-items\">\n\t\t\t\t\t\t\t<li class=\"elementor-icon-list-item\">\n\t\t\t\t\t\t\t\t\t\t\t<span class=\"elementor-icon-list-icon\">\n\t\t\t\t\t\t\t<svg aria-hidden=\"true\" class=\"e-font-icon-svg e-fas-info-circle\" viewBox=\"0 0 512 512\" xmlns=\"http:\/\/www.w3.org\/2000\/svg\"><path d=\"M256 8C119.043 8 8 119.083 8 256c0 136.997 111.043 248 248 248s248-111.003 248-248C504 119.083 392.957 8 256 8zm0 110c23.196 0 42 18.804 42 42s-18.804 42-42 42-42-18.804-42-42 18.804-42 42-42zm56 254c0 6.627-5.373 12-12 12h-88c-6.627 0-12-5.373-12-12v-24c0-6.627 5.373-12 12-12h12v-64h-12c-6.627 0-12-5.373-12-12v-24c0-6.627 5.373-12 12-12h64c6.627 0 12 5.373 12 12v100h12c6.627 0 12 5.373 12 12v24z\"><\/path><\/svg>\t\t\t\t\t\t<\/span>\n\t\t\t\t\t\t\t\t\t\t<span class=\"elementor-icon-list-text\">Nem \u00e9ghet\u0151 (A1 besorol\u00e1s)<\/span>\n\t\t\t\t\t\t\t\t\t<\/li>\n\t\t\t\t\t\t\t\t<li class=\"elementor-icon-list-item\">\n\t\t\t\t\t\t\t\t\t\t\t<span class=\"elementor-icon-list-icon\">\n\t\t\t\t\t\t\t<svg aria-hidden=\"true\" class=\"e-font-icon-svg e-fas-info-circle\" viewBox=\"0 0 512 512\" xmlns=\"http:\/\/www.w3.org\/2000\/svg\"><path d=\"M256 8C119.043 8 8 119.083 8 256c0 136.997 111.043 248 248 248s248-111.003 248-248C504 119.083 392.957 8 256 8zm0 110c23.196 0 42 18.804 42 42s-18.804 42-42 42-42-18.804-42-42 18.804-42 42-42zm56 254c0 6.627-5.373 12-12 12h-88c-6.627 0-12-5.373-12-12v-24c0-6.627 5.373-12 12-12h12v-64h-12c-6.627 0-12-5.373-12-12v-24c0-6.627 5.373-12 12-12h64c6.627 0 12 5.373 12 12v100h12c6.627 0 12 5.373 12 12v24z\"><\/path><\/svg>\t\t\t\t\t\t<\/span>\n\t\t\t\t\t\t\t\t\t\t<span class=\"elementor-icon-list-text\">Nem \u00fclepszik, nem pen\u00e9szedik, nem nedvesedik \u00e1t<\/span>\n\t\t\t\t\t\t\t\t\t<\/li>\n\t\t\t\t\t\t<\/ul>\n\t\t\t\t\t\t<\/div>\n\t\t\t\t<div class=\"elementor-element elementor-element-7be202d elementor-icon-list--layout-traditional elementor-list-item-link-full_width elementor-widget elementor-widget-icon-list\" data-id=\"7be202d\" data-element_type=\"widget\" data-widget_type=\"icon-list.default\">\n\t\t\t\t\t\t\t<ul class=\"elementor-icon-list-items\">\n\t\t\t\t\t\t\t<li class=\"elementor-icon-list-item\">\n\t\t\t\t\t\t\t\t\t\t\t<span class=\"elementor-icon-list-icon\">\n\t\t\t\t\t\t\t<svg aria-hidden=\"true\" class=\"e-font-icon-svg e-fas-info-circle\" viewBox=\"0 0 512 512\" xmlns=\"http:\/\/www.w3.org\/2000\/svg\"><path d=\"M256 8C119.043 8 8 119.083 8 256c0 136.997 111.043 248 248 248s248-111.003 248-248C504 119.083 392.957 8 256 8zm0 110c23.196 0 42 18.804 42 42s-18.804 42-42 42-42-18.804-42-42 18.804-42 42-42zm56 254c0 6.627-5.373 12-12 12h-88c-6.627 0-12-5.373-12-12v-24c0-6.627 5.373-12 12-12h12v-64h-12c-6.627 0-12-5.373-12-12v-24c0-6.627 5.373-12 12-12h64c6.627 0 12 5.373 12 12v100h12c6.627 0 12 5.373 12 12v24z\"><\/path><\/svg>\t\t\t\t\t\t<\/span>\n\t\t\t\t\t\t\t\t\t\t<span class=\"elementor-icon-list-text\">Kiv\u00e1l\u00f3 hangszigetel\u0151 hat\u00e1s<\/span>\n\t\t\t\t\t\t\t\t\t<\/li>\n\t\t\t\t\t\t\t\t<li class=\"elementor-icon-list-item\">\n\t\t\t\t\t\t\t\t\t\t\t<span class=\"elementor-icon-list-icon\">\n\t\t\t\t\t\t\t<svg aria-hidden=\"true\" class=\"e-font-icon-svg e-fas-info-circle\" viewBox=\"0 0 512 512\" xmlns=\"http:\/\/www.w3.org\/2000\/svg\"><path d=\"M256 8C119.043 8 8 119.083 8 256c0 136.997 111.043 248 248 248s248-111.003 248-248C504 119.083 392.957 8 256 8zm0 110c23.196 0 42 18.804 42 42s-18.804 42-42 42-42-18.804-42-42 18.804-42 42-42zm56 254c0 6.627-5.373 12-12 12h-88c-6.627 0-12-5.373-12-12v-24c0-6.627 5.373-12 12-12h12v-64h-12c-6.627 0-12-5.373-12-12v-24c0-6.627 5.373-12 12-12h64c6.627 0 12 5.373 12 12v100h12c6.627 0 12 5.373 12 12v24z\"><\/path><\/svg>\t\t\t\t\t\t<\/span>\n\t\t\t\t\t\t\t\t\t\t<span class=\"elementor-icon-list-text\">\u00c9vtizedekig meg\u0151rzi h\u0151szigetel\u0151 tulajdons\u00e1gait<\/span>\n\t\t\t\t\t\t\t\t\t<\/li>\n\t\t\t\t\t\t<\/ul>\n\t\t\t\t\t\t<\/div>\n\t\t\t\t<\/div>\n\t\t\t\t<\/div>\n\t\t<div class=\"elementor-element elementor-element-54dd377 e-flex e-con-boxed e-con e-parent\" data-id=\"54dd377\" data-element_type=\"container\" data-settings=\"{&quot;background_background&quot;:&quot;classic&quot;}\">\n\t\t\t\t\t<div class=\"e-con-inner\">\n\t\t<div class=\"elementor-element elementor-element-7afb09f e-con-full e-flex elementor-invisible e-con e-child\" data-id=\"7afb09f\" data-element_type=\"container\" data-settings=\"{&quot;background_background&quot;:&quot;classic&quot;,&quot;animation&quot;:&quot;fadeInUp&quot;}\">\n\t\t\t\t<div class=\"elementor-element elementor-element-d36f57f elementor-button-align-start elementor-widget elementor-widget-form\" data-id=\"d36f57f\" data-element_type=\"widget\" data-settings=\"{&quot;step_next_label&quot;:&quot;Next&quot;,&quot;step_previous_label&quot;:&quot;Previous&quot;,&quot;button_width&quot;:&quot;100&quot;,&quot;step_type&quot;:&quot;number_text&quot;,&quot;step_icon_shape&quot;:&quot;circle&quot;}\" data-widget_type=\"form.default\">\n\t\t\t\t\t\t\t<form class=\"elementor-form\" method=\"post\" name=\"New Form\" aria-label=\"New Form\">\n\t\t\t<input type=\"hidden\" name=\"post_id\" value=\"132\"\/>\n\t\t\t<input type=\"hidden\" name=\"form_id\" value=\"d36f57f\"\/>\n\t\t\t<input type=\"hidden\" name=\"referer_title\" value=\"Tet\u0151t\u00e9r ut\u00f3lagos szigetel\u00e9se\" \/>\n\n\t\t\t\t\t\t\t<input type=\"hidden\" name=\"queried_id\" value=\"132\"\/>\n\t\t\t\n\t\t\t<div class=\"elementor-form-fields-wrapper elementor-labels-above\">\n\t\t\t\t\t\t\t\t<div class=\"elementor-field-type-text elementor-field-group elementor-column elementor-field-group-name elementor-col-50 elementor-field-required\">\n\t\t\t\t\t\t\t\t\t\t\t\t<label for=\"form-field-name\" class=\"elementor-field-label\">\n\t\t\t\t\t\t\t\tN\u00e9v\t\t\t\t\t\t\t<\/label>\n\t\t\t\t\t\t\t\t\t\t\t\t\t\t<input size=\"1\" type=\"text\" name=\"form_fields[name]\" id=\"form-field-name\" class=\"elementor-field elementor-size-sm  elementor-field-textual\" placeholder=\"N\u00e9v\" required=\"required\">\n\t\t\t\t\t\t\t\t\t\t\t<\/div>\n\t\t\t\t\t\t\t\t<div class=\"elementor-field-type-tel elementor-field-group elementor-column elementor-field-group-email elementor-col-50 elementor-field-required\">\n\t\t\t\t\t\t\t\t\t\t\t\t<label for=\"form-field-email\" class=\"elementor-field-label\">\n\t\t\t\t\t\t\t\tTelefonsz\u00e1m\t\t\t\t\t\t\t<\/label>\n\t\t\t\t\t\t\t\t<input size=\"1\" type=\"tel\" name=\"form_fields[email]\" id=\"form-field-email\" class=\"elementor-field elementor-size-sm  elementor-field-textual\" placeholder=\"Telefonsz\u00e1m\" required=\"required\" pattern=\"[0-9()#&amp;+*-=.]+\" title=\"Only numbers and phone characters (#, -, *, etc) are accepted.\">\n\n\t\t\t\t\t\t<\/div>\n\t\t\t\t\t\t\t\t<div class=\"elementor-field-type-select elementor-field-group elementor-column elementor-field-group-field_c6bb1a8 elementor-col-100 elementor-field-required\">\n\t\t\t\t\t\t\t\t\t\t\t\t<label for=\"form-field-field_c6bb1a8\" class=\"elementor-field-label\">\n\t\t\t\t\t\t\t\tMiben tudunk seg\u00edteni?\t\t\t\t\t\t\t<\/label>\n\t\t\t\t\t\t\t\t<div class=\"elementor-field elementor-select-wrapper remove-before \">\n\t\t\t<div class=\"select-caret-down-wrapper\">\n\t\t\t\t<svg aria-hidden=\"true\" class=\"e-font-icon-svg e-eicon-caret-down\" viewBox=\"0 0 571.4 571.4\" xmlns=\"http:\/\/www.w3.org\/2000\/svg\"><path d=\"M571 393Q571 407 561 418L311 668Q300 679 286 679T261 668L11 418Q0 407 0 393T11 368 36 357H536Q550 357 561 368T571 393Z\"><\/path><\/svg>\t\t\t<\/div>\n\t\t\t<select name=\"form_fields[field_c6bb1a8]\" id=\"form-field-field_c6bb1a8\" class=\"elementor-field-textual elementor-size-sm\" required=\"required\">\n\t\t\t\t\t\t\t\t\t<option value=\"Padl\u00e1sszigetel\u00e9s f\u00fajhat\u00f3 \u00fcveggyapottal\">Padl\u00e1sszigetel\u00e9s f\u00fajhat\u00f3 \u00fcveggyapottal<\/option>\n\t\t\t\t\t\t\t\t\t<option value=\"Tet\u0151t\u00e9r szigetel\u00e9s\">Tet\u0151t\u00e9r szigetel\u00e9s<\/option>\n\t\t\t\t\t\t\t\t\t<option value=\"R\u00e9gi szigetel\u00e9s cser\u00e9je\">R\u00e9gi szigetel\u00e9s cser\u00e9je<\/option>\n\t\t\t\t\t\t\t\t\t<option value=\"H\u0151kamer\u00e1s felm\u00e9r\u00e9s\">H\u0151kamer\u00e1s felm\u00e9r\u00e9s<\/option>\n\t\t\t\t\t\t\t<\/select>\n\t\t<\/div>\n\t\t\t\t\t\t<\/div>\n\t\t\t\t\t\t\t\t<div class=\"elementor-field-type-textarea elementor-field-group elementor-column elementor-field-group-message elementor-col-100\">\n\t\t\t\t\t\t\t\t\t\t\t\t<label for=\"form-field-message\" class=\"elementor-field-label\">\n\t\t\t\t\t\t\t\t\u00dczenet\t\t\t\t\t\t\t<\/label>\n\t\t\t\t\t\t<textarea class=\"elementor-field-textual elementor-field  elementor-size-sm\" name=\"form_fields[message]\" id=\"form-field-message\" rows=\"4\" placeholder=\"\u00dczenet\"><\/textarea>\t\t\t\t<\/div>\n\t\t\t\t\t\t\t\t<div class=\"elementor-field-group elementor-column elementor-field-type-submit elementor-col-100 e-form__buttons\">\n\t\t\t\t\t<button class=\"elementor-button elementor-size-sm\" type=\"submit\">\n\t\t\t\t\t\t<span class=\"elementor-button-content-wrapper\">\n\t\t\t\t\t\t\t\t\t\t\t\t\t\t\t\t\t\t\t\t\t\t<span class=\"elementor-button-text\">K\u00fcld\u00e9s<\/span>\n\t\t\t\t\t\t\t\t\t\t\t\t\t<\/span>\n\t\t\t\t\t<\/button>\n\t\t\t\t<\/div>\n\t\t\t<\/div>\n\t\t<\/form>\n\t\t\t\t\t\t<\/div>\n\t\t\t\t<\/div>\n\t\t<div class=\"elementor-element elementor-element-2dfe090 e-con-full e-flex elementor-invisible e-con e-child\" data-id=\"2dfe090\" data-element_type=\"container\" data-settings=\"{&quot;animation&quot;:&quot;fadeInRight&quot;,&quot;animation_delay&quot;:200}\">\n\t\t\t\t<div class=\"elementor-element elementor-element-47b5b17 elementor-widget elementor-widget-heading\" data-id=\"47b5b17\" data-element_type=\"widget\" data-widget_type=\"heading.default\">\n\t\t\t\t\t<h2 class=\"elementor-heading-title elementor-size-default\">K\u00e9rjen aj\u00e1nlatot \u2013 szigetel\u00e9s gyorsan, tiszt\u00e1n, garanci\u00e1val!<\/h2>\t\t\t\t<\/div>\n\t\t\t\t<div class=\"elementor-element elementor-element-9443fbf elementor-widget elementor-widget-heading\" data-id=\"9443fbf\" data-element_type=\"widget\" data-widget_type=\"heading.default\">\n\t\t\t\t\t<div class=\"elementor-heading-title elementor-size-default\">Ne v\u00e1rja meg a k\u00f6vetkez\u0151 f\u0171t\u00e9sszezont \u2013 sp\u00f3roljon most a padl\u00e1sszigetel\u00e9ssel! A Szigetel\u0151 Szakik csapata orsz\u00e1gszerte v\u00e1llal f\u00fajhat\u00f3 \u00fcveggyapot padl\u00e1sszigetel\u00e9st, tet\u0151t\u00e9r szigetel\u00e9st, r\u00e9gi szigetel\u00e9s cser\u00e9j\u00e9t \u00e9s h\u0151kamer\u00e1s felm\u00e9r\u00e9st.<\/div>\t\t\t\t<\/div>\n\t\t<div class=\"elementor-element elementor-element-f7ab6e4 e-con-full e-flex e-con e-child\" data-id=\"f7ab6e4\" data-element_type=\"container\">\n\t\t\t\t<div class=\"elementor-element elementor-element-ce9a2d5 elementor-tablet-align-justify elementor-widget elementor-widget-button\" data-id=\"ce9a2d5\" data-element_type=\"widget\" data-widget_type=\"button.default\">\n\t\t\t\t\t\t\t\t\t\t<a class=\"elementor-button elementor-button-link elementor-size-sm\" href=\"tel:+36301241548\">\n\t\t\t\t\t\t<span class=\"elementor-button-content-wrapper\">\n\t\t\t\t\t\t<span class=\"elementor-button-icon\">\n\t\t\t\t<i aria-hidden=\"true\" class=\"mdi mdi-chat-processing\"><\/i>\t\t\t<\/span>\n\t\t\t\t\t\t\t\t\t<span class=\"elementor-button-text\">Ingyenes \u00e1raj\u00e1nlat<\/span>\n\t\t\t\t\t<\/span>\n\t\t\t\t\t<\/a>\n\t\t\t\t\t\t\t\t<\/div>\n\t\t\t\t<\/div>\n\t\t\t\t<\/div>\n\t\t\t\t\t<\/div>\n\t\t\t\t<\/div>\n\t\t\t\t<\/div>\n\t\t","protected":false},"excerpt":{"rendered":"<p>Tet\u0151t\u00e9r ut\u00f3lagos szigetel\u00e9se Megold\u00e1s a t\u00falmeleged\u0151 tet\u0151t\u00e9rre \u00e9s a magas f\u0171t\u00e9ssz\u00e1ml\u00e1ra A tet\u0151t\u00e9r ut\u00f3lagos szigetel\u00e9se elengedhetetlen, ha otthonod fels\u0151 szintje t\u00e9len gyorsan kih\u0171l, ny\u00e1ron pedig elviselhetetlen\u00fcl felmelegszik. Ingyenes \u00e1raj\u00e1nlat\u00e9rt kattintson! Tet\u0151t\u00e9r ut\u00f3lagos szigetel\u00e9se \u2013 f\u00fajhat\u00f3 \u00fcveggyapottal, bont\u00e1s n\u00e9lk\u00fcl A tet\u0151t\u00e9r ut\u00f3lagos szigetel\u00e9se elengedhetetlen, ha otthonod fels\u0151 szintje t\u00e9len gyorsan kih\u0171l, ny\u00e1ron pedig elviselhetetlen\u00fcl felmelegszik. A [&hellip;]<\/p>\n","protected":false},"author":1,"featured_media":0,"parent":0,"menu_order":0,"comment_status":"closed","ping_status":"closed","template":"elementor_header_footer","meta":{"footnotes":""},"class_list":["post-132","page","type-page","status-publish","hentry"],"_links":{"self":[{"href":"https:\/\/szigeteloszakik.hu\/index.php?rest_route=\/wp\/v2\/pages\/132","targetHints":{"allow":["GET"]}}],"collection":[{"href":"https:\/\/szigeteloszakik.hu\/index.php?rest_route=\/wp\/v2\/pages"}],"about":[{"href":"https:\/\/szigeteloszakik.hu\/index.php?rest_route=\/wp\/v2\/types\/page"}],"author":[{"embeddable":true,"href":"https:\/\/szigeteloszakik.hu\/index.php?rest_route=\/wp\/v2\/users\/1"}],"replies":[{"embeddable":true,"href":"https:\/\/szigeteloszakik.hu\/index.php?rest_route=%2Fwp%2Fv2%2Fcomments&post=132"}],"version-history":[{"count":10,"href":"https:\/\/szigeteloszakik.hu\/index.php?rest_route=\/wp\/v2\/pages\/132\/revisions"}],"predecessor-version":[{"id":250,"href":"https:\/\/szigeteloszakik.hu\/index.php?rest_route=\/wp\/v2\/pages\/132\/revisions\/250"}],"wp:attachment":[{"href":"https:\/\/szigeteloszakik.hu\/index.php?rest_route=%2Fwp%2Fv2%2Fmedia&parent=132"}],"curies":[{"name":"wp","href":"https:\/\/api.w.org\/{rel}","templated":true}]}}